{"id":16,"date":"2014-06-26T11:16:28","date_gmt":"2014-06-26T11:16:28","guid":{"rendered":"http:\/\/areadetamajon.com\/blog\/?page_id=16"},"modified":"2014-07-28T07:58:54","modified_gmt":"2014-07-28T07:58:54","slug":"alimentacion","status":"publish","type":"page","link":"https:\/\/areadetamajon.com\/blog\/alimentacion\/","title":{"rendered":"Alimentaci\u00f3n"},"content":{"rendered":"<p>En \u00c1rea de Tamaj\u00f3n nos esmeramos para ofrecerte cada d\u00eda una gran variedad de productos\u00a0de alimentaci\u00f3n de modo que encuentres todo aquello que necesitas para tu estancia en la\u00a0zona sin necesidad de tener que traerlo desde tu origen ni tener que ir a buscarlo a otras zonas\u00a0m\u00e1s alejadas.<\/p>\n<p>Ya seas excursionista, cazador, pescador, monta\u00f1ero, turista o simplemente vecino de la zona,\u00a0en \u00c1rea de Tamaj\u00f3n queremos atenderte como te mereces y ofrecerte todo lo mejor de\u00a0nosotros. Estamos encantados con tu visita.<\/p>\n\n\t<div class=\"container\">\n\t\t<div class=\"row service-row\">\n\n\t                <div class=\"span4 service-span\">\n\t                    <div class=\"service-box\">\n\t                        <img decoding=\"async\" class=\"img-circle\" src=\"https:\/\/areadetamajon.com\/blog\/wp-content\/uploads\/2014\/07\/saboresdetamajon.png\" alt=\"Sabores de Tamaj\u00f3n\">\n\t                        <h3>Sabores de Tamaj\u00f3n<\/h3>\n\t                        <p>Miel, boller\u00eda, quesos, embutidos\u2026 Ponemos a tu alcance una selecci\u00f3n de los mejores productos de alimentaci\u00f3n que har\u00e1n las delicias de toda la familia. Productos 100% naturales elaborados como toda la vida se ha hecho y con la calidad y confianza que solo \u00c1rea de Tamaj\u00f3n puede ofrecerte. <\/p>\n\t                        <a class=\"btn\" href=\"#\">Leer m\u00e1s<\/a>\n\t                    <\/div>\n\t                <\/div>\t\t\t\t\t\n\t\t\t\t\n\n\t                <div class=\"span4 service-span\">\n\t                    <div class=\"service-box\">\n\t                        <img decoding=\"async\" class=\"img-circle\" src=\"https:\/\/areadetamajon.com\/blog\/wp-content\/uploads\/2014\/07\/panaderia.png\" alt=\"Panader\u00eda\">\n\t                        <h3>Panader\u00eda<\/h3>\n\t                        <p>Nuestro pan reci\u00e9n hecho cada d\u00eda. Siempre disponible a lo largo de todo nuestro horario comercial.<\/p>\n\t                        <a class=\"btn\" href=\"#\">Leer m\u00e1s<\/a>\n\t                    <\/div>\n\t                <\/div>\t\t\t\t\t\n\t\t\t\t\n\n\t                <div class=\"span4 service-span\">\n\t                    <div class=\"service-box\">\n\t                        <img decoding=\"async\" class=\"img-circle\" src=\"https:\/\/areadetamajon.com\/blog\/wp-content\/uploads\/2014\/07\/fruteria.png\" alt=\"Fruter\u00eda\">\n\t                        <h3>Fruter\u00eda<\/h3>\n\t                        <p>\u00a1Qu\u00e9 bueno es tener a tu alcance la fruta y verdura fresca que te gusta! En la fruter\u00eda del \u00c1rea de Tamaj\u00f3n encontrar\u00e1s la fruta y verdura que buscas sin tener que ir m\u00e1s lejos. \u00a1Que no te falte de nada!<\/p>\n\t                        <a class=\"btn\" href=\"#\">Leer m\u00e1s<\/a>\n\t                    <\/div>\n\t                <\/div>\t\t\t\t\t\n\t\t\t\t\n<\/div>\n\t<\/div>\n\t\n\n\t<div class=\"container\">\n\t\t<div class=\"row service-row\">\n\n\t                <div class=\"span4 service-span\">\n\t                    <div class=\"service-box\">\n\t                        <img decoding=\"async\" class=\"img-circle\" src=\"https:\/\/areadetamajon.com\/blog\/wp-content\/uploads\/2014\/07\/carniceria.png\" alt=\"Carnicer\u00eda\">\n\t                        <h3>Carnicer\u00eda<\/h3>\n\t                        <p>Pocos placeres pueden compararse a degustar una fabulosa pieza de carne fresca tierna y jugosa. En la carnicer\u00eda del \u00c1rea de Tamaj\u00f3n lo sabemos muy bien y por eso te ofrecemos siempre la mejor calidad y un completo surtido de carnes con el sello inconfundible de calidad que tanto gusta a nuestros clientes. Adem\u00e1s de muchos otros productos, la mejor ternera, el cerdo m\u00e1s sabroso y por supuesto nuestro cordero, especialidad de la casa, completan la oferta que encontrar\u00e1s en nuestra carnicer\u00eda.<\/p>\n\t                        <a class=\"btn\" href=\"#\">Leer m\u00e1s<\/a>\n\t                    <\/div>\n\t                <\/div>\t\t\t\t\t\n\t\t\t\t\n\n\t                <div class=\"span4 service-span\">\n\t                    <div class=\"service-box\">\n\t                        <img decoding=\"async\" class=\"img-circle\" src=\"https:\/\/areadetamajon.com\/blog\/wp-content\/uploads\/2014\/07\/charcuteria.png\" alt=\"Charcuter\u00eda\">\n\t                        <h3>Charcuter\u00eda<\/h3>\n\t                        <p>Jamones, fiambres, quesos\u2026. Ven y encuentra todo lo que necesitas. Va de maravilla para tu excursi\u00f3n o para llevar a casa estos d\u00edas. Menci\u00f3n especial merecen los productos de nuestra marca \u201cSabores de Tamaj\u00f3n\u201d. La mejor selecci\u00f3n para que disfrutes de ellos en todo momento y lugar. \u00a1Siempre vienen bien!<\/p>\n\t                        <a class=\"btn\" href=\"#\">Leer m\u00e1s<\/a>\n\t                    <\/div>\n\t                <\/div>\t\t\t\t\t\n\t\t\t\t\n\n\t                <div class=\"span4 service-span\">\n\t                    <div class=\"service-box\">\n\t                        <img decoding=\"async\" class=\"img-circle\" src=\"https:\/\/areadetamajon.com\/blog\/wp-content\/uploads\/2014\/07\/vinacoteca.png\" alt=\"Vinacoteca\">\n\t                        <h3>Vinacoteca<\/h3>\n\t                        <p>En nuestra secci\u00f3n de vinos y licores ponemos a tu alcance una estupenda selecci\u00f3n para que puedas elegir entre una gran variedad de vinos de diferentes zonas de Espa\u00f1a y licores para todos los gustos y ocasiones. Ven a \u201c\u00c1rea de Tamaj\u00f3n\u201d y ll\u00e9vate el complemento perfecto para cada ocasi\u00f3n.<\/p>\n\t                        <a class=\"btn\" href=\"#\">Leer m\u00e1s<\/a>\n\t                    <\/div>\n\t                <\/div>\t\t\t\t\t\n\t\t\t\t\n<\/div>\n\t<\/div>\n\t\n","protected":false},"excerpt":{"rendered":"<p>En \u00c1rea de Tamaj\u00f3n nos esmeramos para ofrecerte cada d\u00eda una gran variedad de productos\u00a0de alimentaci\u00f3n de modo que encuentres todo aquello que necesitas para tu estancia en la\u00a0zona sin necesidad de tener que traerlo desde tu origen ni tener que ir a buscarlo a otras zonas\u00a0m\u00e1s alejadas. Ya seas excursionista, cazador, pescador, monta\u00f1ero, turista o simplemente vecino de la zona,\u00a0en \u00c1rea de Tamaj\u00f3n queremos atenderte como te mereces y ofrecerte todo lo mejor de\u00a0nosotros. Estamos encantados con tu visita.<\/p>\n","protected":false},"author":1,"featured_media":0,"parent":0,"menu_order":12,"comment_status":"open","ping_status":"closed","template":"","meta":{"footnotes":""},"class_list":["post-16","page","type-page","status-publish","hentry"],"_links":{"self":[{"href":"https:\/\/areadetamajon.com\/blog\/wp-json\/wp\/v2\/pages\/16","targetHints":{"allow":["GET"]}}],"collection":[{"href":"https:\/\/areadetamajon.com\/blog\/wp-json\/wp\/v2\/pages"}],"about":[{"href":"https:\/\/areadetamajon.com\/blog\/wp-json\/wp\/v2\/types\/page"}],"author":[{"embeddable":true,"href":"https:\/\/areadetamajon.com\/blog\/wp-json\/wp\/v2\/users\/1"}],"replies":[{"embeddable":true,"href":"https:\/\/areadetamajon.com\/blog\/wp-json\/wp\/v2\/comments?post=16"}],"version-history":[{"count":9,"href":"https:\/\/areadetamajon.com\/blog\/wp-json\/wp\/v2\/pages\/16\/revisions"}],"predecessor-version":[{"id":248,"href":"https:\/\/areadetamajon.com\/blog\/wp-json\/wp\/v2\/pages\/16\/revisions\/248"}],"wp:attachment":[{"href":"https:\/\/areadetamajon.com\/blog\/wp-json\/wp\/v2\/media?parent=16"}],"curies":[{"name":"wp","href":"https:\/\/api.w.org\/{rel}","templated":true}]}}